t h = -64 - a. What is the greatest common divisor of h and 5?
5
Suppose 99*k = 303*k - 24480. Calculate the highest common factor of 168 and k.
24
Let z be 15 + 1 - (-8904)/1113. What is the greatest common factor of 15996 and z?
12
Let q(l) = 2*l + 12*l + 7*l - l - 4*l**2 - 5. Let p be 18*(-4)/72*-6 - 2. Let m be q(p). What is the highest common factor of 2 and m?
1
Let c(h) = 5*h + 59. Suppose -33 = 3*y - 4*l, -2*l - 15 + 4 = y. Let j be c(y). Calculate the greatest common factor of j and 76.
4
Let h = 629 + -624. Let w be h + (6 - 9) - -118*1. Calculate the greatest common divisor of 280 and w.
40
Suppose -10*q + 13890 + 787 = -1383. Calculate the greatest common divisor of q and 22.
22
Suppose 9*a - 8*a - 61 = 0. Let h = a + -61. Suppose h = -7*i + 2*i + 680. What is the highest common factor of i and 34?
34
Suppose 30*h - 91 = 59. Let m be 70/h - (-1 + 1). What is the highest common divisor of 133 and m?
7
Let p(n) = 7*n - 7. Let r be p(5). Let t = 1707 - 1595. Calculate the greatest common factor of t and r.
28
Suppose 0 = -2*f + 521*l - 517*l + 2192, -3*f + 3*l + 3300 = 0. Calculate the greatest common factor of f and 288.
48
Let v be (-25 + 26)/(1/11). Let y be (160/25)/(((-66)/(-135))/v). Calculate the greatest common divisor of 18 and y.
18
Let w = 227632 - 227608. Suppose 5*s + 10 = j - 0*j, j = 4*s + 11. Suppose -o + j - 3 = 0. Calculate the greatest common divisor of w and o.
12
Suppose 0 = o - 4*f - 4, -4*o - o + 4*f = -4. Suppose -u + 13 = -o*u. Let l be (26/(-6))/((927/108)/(-103)). What is the highest common factor of u and l?
13
Suppose -2120 = -42*l - 64*l. Suppose 2*s - 244 + 64 = 0. Calculate the greatest common divisor of s and l.
10
Let p(r) = r**3 - 2*r**2 + 3*r + 4. Suppose 20 = -1900*c + 1905*c. Let g be p(c). What is the highest common divisor of g and 96?
48
Let m(x) = -40*x + 114. Let b be m(-30). Suppose 3*j = 2*q + 7*j - b, 3*q = 5*j + 2015. Calculate the greatest common factor of 35 and q.
35
Let l be (-1)/((-1)/13) + (-105)/105. What is the greatest common factor of l and 3324?
12
Suppose 2*u = 5*d + 8, 3*d - 4 = 8*d - u. Suppose 7*n - 16*n + 396 = d. What is the greatest common factor of n and 16?
4
Let u(t) = t**2 - 9*t - 6. Let k be u(-8). Let i be -2 - 3/((-15)/k). Let j(y) = 30*y. Let h be j(2). What is the greatest common factor of h and i?
12
Suppose 3*l + t - 1542 = 0, 7*l + 2*t - 3278 = 319. What is the greatest common factor of 741 and l?
57
Let o be 2/(8/76*1). Let l = o - -1. Let q be (-224)/14*1*-10. Calculate the greatest common divisor of q and l.
20
Let s be (-12)/30 + (-247)/(-5). Let x = s - -75. Suppose q = -5*n + 524, -2*n + 5*q - x = -3*n. Calculate the greatest common divisor of 26 and n.
26
Let v = -4664 - -4795. What is the greatest common factor of v and 5633?
131
Let n be (21/9)/(15/45). Let p(x) = -2*x**3 + 5*x**2 + 3*x + 1. Let u be p(-3). What is the greatest common divisor of n and u?
7
Suppose w - 16 = -0. Let t = -276 - -281. Suppose -q - b = -17, 0*q - q + t*b + 11 = 0. Calculate the highest common factor of w and q.
16
Let i = 3204 + -3193. Calculate the greatest common divisor of 2244 and i.
11
Let p(k) be the third derivative of 3*k**5/4 - k**4/4 + 7*k**3/3 + 88*k**2. Let f be p(2). Calculate the highest common divisor of f and 7.
7
Let m(q) = q**2 + 68*q + 402. Let i be m(-6). What is the highest common divisor of 1220 and i?
10
Let g be 225/(-12)*(129 + -197). What is the highest common divisor of g and 459?
51
Let g be (((-40)/(-6))/10)/(8576/4284 + -2). What is the highest common factor of 399 and g?
21
Let a = 77 + -14. Let u = 96 - a. Let p be (27/1)/((-2)/(-22) - 0). What is the highest common factor of u and p?
33
Suppose 0*v = -5*v + 200. Let w = -14812 + 14837. What is the highest common divisor of v and w?
5
Suppose 0 = -218*c + 5693 + 8259. What is the highest common divisor of c and 1472?
64
Let c be (-3)/(-12)*0 - (4 + -4). Suppose r + 90 = 2*o, 2*r + 4 = -c*r. Calculate the highest common divisor of 4 and o.
4
Let b be (190/19)/((-5)/(-30)). What is the highest common divisor of 11940 and b?
60
Let f(t) = 8*t - 5. Let n be f(6). Let y = -47 + n. Let b be y + 8 - (-18)/1. What is the highest common factor of b and 22?
22
Let o(z) = 62*z**2. Suppose -6*p = 3*p + 9. Let s be o(p). Let w be s/2 - (-24)/(-6). What is the greatest common divisor of 3 and w?
3
Let y(z) = 8*z - 72. Let o be y(14). Let x = 8 + -4. Suppose -u = x*u - 25. Calculate the greatest common factor of u and o.
5
Let l be (-2154)/10 - 6*1/(-15). Let q = 221 + l. What is the greatest common divisor of 48 and q?
6
Suppose -14*d - 22*d = -45*d. Suppose 138*x - 129*x - 432 = d. What is the highest common factor of 192 and x?
48
Suppose -6*j = -3*j + 102. Let i = j - -53. Let l be ((-4)/(-6))/(488/13908). Calculate the highest common factor of i and l.
19
Suppose -78 = 640*j - 646*j. Let w(n) = 33*n - 218. Let a be w(7). What is the greatest common factor of a and j?
13
Let z(s) = s**2 - 2*s + 7. Let v be z(7). Let b be (-4 - (2 + 138))*(-49)/14. What is the greatest common divisor of b and v?
42
Suppose 30*b = -37*b + 10*b - 5457 + 13665. Suppose -3*j + 194 = -5*h, 0*j + 66 = j - 3*h. Calculate the highest common divisor of j and b.
9
Let q = -4683 + 7467. What is the greatest common divisor of 288 and q?
96
Suppose -63*f + 44*f = -2090. What is the greatest common divisor of 90 and f?
10
Let x = 11 - 17. Let h be (3 + (-2)/4)*2 - -346. Let a be h/(-52)*16/x. What is the highest common factor of 45 and a?
9
Let o be (1248/520*3055/(-2))/(-2). Calculate the greatest common factor of o and 705.
141
Suppose -550005 = 60*n - 171*n. Calculate the greatest common divisor of n and 5.
5
Let i = 5 - 0. Let c(a) be the first derivative of -a**4/4 + 5*a**3 + a**2 + 15*a - 33. Let p be c(15). Calculate the highest common divisor of p and i.
5
Let r = 3 - 0. Suppose -3*y = r*n - 2*n + 5, 16 = n - 4*y. Let c(l) = -l**3 + 7*l**2 - 6*l. Let p be c(5). Calculate the greatest common divisor of n and p.
4
Let g = 14 + 41. Suppose -5*u - 35*y + 32*y + 56 = 0, 5*u - 60 = -5*y. What is the greatest common factor of u and g?
5
Suppose 4*l = -3*k - 89, -4*k - 2*l - 124 = 2*l. Let h = 200 + k. What is the greatest common factor of h and 22?
11
Let j(z) = 3*z**2 - 56*z + 34. Let y be j(22). Suppose -11*c + y = -1176. What is the highest common divisor of c and 78?
26
Let d be -2*(-3)/((-6)/(-29)). Let h(j) = 96*j + 899. Let m be h(-9). Let b = m - d. Calculate the highest common divisor of 30 and b.
6
Suppose -220 = -y + 2*g, -36*g = -41*g. Calculate the highest common factor of y and 308.
44
Suppose 128*d - 6092 = 14*d - 1988. Calculate the greatest common divisor of 1398 and d.
6
Suppose -3 = 282*t - 283*t. Suppose 54 + 30 = t*d. What is the greatest common factor of 7 and d?
7
Let s(g) = 2*g + 42. Let p be s(-6). Let t = -3237 + 3347. What is the highest common divisor of p and t?
10
Suppose -x - 2*z + 292 = 0, -25 - 1375 = -5*x + 5*z. Let k = -259 + x. Calculate the greatest common divisor of k and 200.
25
Let y(s) = 5*s**2 - 25. Let a be y(5). Let t = 64 - 60. What is the highest common divisor of t and a?
4
Let p be 73/219 - 807/(-9). Calculate the highest common factor of 390 and p.
30
Suppose 4*r = s + 10, -5*s = -4*r - 21 - 9. Let u be 32/s + 11/(-55). Let o be (-8)/u*(-48 + -3). Calculate the highest common factor of 17 and o.
17
Let t(v) be the second derivative of 8*v**3/3 + 22*v**2 + v - 54. Let m be t(6). What is the highest common divisor of 84 and m?
28
Let s(k) = -29*k**3 + k**2 + 9*k - 5. Let q be s(-3). Calculate the highest common factor of q and 304.
152
Let w be 190/1425 - (-328)/15. Calculate the greatest common factor of 42 and w.
2
Let n(p) = -53*p**2 - 73*p - 1. Let o be n(-1). What is the highest common divisor of o and 6?
1
Let s = 6 - -2. Let k be (-2 + s)*1*3. Let c(t) = -9*t**2 - 95*t - 192. Let x be c(-6). Calculate the greatest common factor of k and x.
18
Let b = 20 + -24. Let d be 4/6 - (b + (-736)/12). Suppose -d - 30 = -2*t. What is the highest common factor of 120 and t?
24
Suppose -4*h + 48 = -5*m, -55 = -h - 2*h - m. Suppose -4*i - 40 = -4*t, 64 = -5*i - t - t. Let b = h - i. What is the highest common factor of 232 and b?
29
Let p = -401 + 422. Let k be (-5594)/(-14) - 96/168. Ca